. What is q(3)?
-11
Let z(v) = -21*v + 510. What is z(24)?
6
Let g(t) = t**2 - 3*t + 8. Determine g(6).
26
Let z(w) = -3*w + 5. Calculate z(-5).
20
Let a(z) = z**3 + 13*z**2 + 11*z + 19. Calculate a(-12).
31
Let z(a) = -a**3 + 12*a**2 - 17*a + 27. What is z(11)?
-39
Let f(i) = -162*i**3 + 2*i**2 - 3*i + 2. Give f(1).
-161
Let j(m) = -m**2 + 3*m + 7. Calculate j(4).
3
Let z(c) = -6*c + 26. Give z(7).
-16
Let t(m) = -m**3 - 10*m**2 + 10*m - 19. Give t(-11).
-8
Let g(b) = b**3 + 6*b**2 + 11*b + 6. What is g(-4)?
-6
Let k(x) = 3*x**2 - 6*x - 25. Calculate k(4).
-1
Let j(q) = -27*q + 676. Calculate j(25).
1
Let r(j) = -j**2 + 2*j - 3. What is r(2)?
-3
Let g(x) = 3*x**3 - 3*x**2 - 3*x + 10. Give g(2).
16
Let s(w) = -w**3 - 13*w**2 - 18*w - 19. Calculate s(-11).
-63
Let x(q) = q**3 + 17*q**2 - 22*q - 42. What is x(-18)?
30
Let a(y) = -y**2 - 13*y - 6. What is a(-15)?
-36
Let s(b) = -6*b**2 + 21*b - 13. What is s(2)?
5
Let k(z) = -z + 13. Give k(-9).
22
Let k(m) = -2*m + 10. Give k(6).
-2
Let j(l) = 2*l**3 + 8*l - 65. Determine j(0).
-65
Let u(v) = v**3 - 6*v**2 + v. Calculate u(4).
-28
Let w(f) = 3*f**3 - 3*f**2 + f + 1. What is w(2)?
15
Let d(y) = -y**2 + 18*y + 22. Give d(19).
3
Let c(i) = -i**3 + 6*i**2 - i - 12. Calculate c(5).
8
Let v(d) = d**3 + 15*d**2 - 37*d + 31. Calculate v(-17).
82
Let s(b) = b**2 + 2*b - 25. Determine s(-6).
-1
Let n(r) = r**3 - 21*r**2 + 20*r + 10. Calculate n(20).
10
Let t(f) = -7*f - 8. Calculate t(-1).
-1
Let d(k) = -k**3 - 3*k**2 + 4. Determine d(-2).
0
Let d(v) = v**3 + 19*v**2 + 87*v - 17. Give d(-9).
10
Let i(n) = -3*n - 5. Determine i(4).
-17
Let v(x) = 2*x**2 + 4*x - 2. Calculate v(-4).
14
Let x(z) = z**3 + 4*z**2 - 6*z - 6. Determine x(-4).
18
Let p(o) = -o**3 + 2*o**2 - 14*o + 6. Calculate p(4).
-82
Let u(o) = o**3 + 11*o**2 - 12*o + 17. What is u(-12)?
17
Let c(b) = -3*b**2 + 5*b - 9. Determine c(4).
-37
Let l(c) = 3*c**3 + 16*c**2 + 5*c + 11. What is l(-7)?
-269
Let d(s) = s**3 + 47*s**2 + 87*s - 128. Give d(-45).
7
Let k(r) = -r**3 - 5*r**2 - 8*r - 18. Give k(-4).
-2
Let h(i) = i**3 - 7*i**2 - 7*i - 10. Give h(6).
-88
Let j(x) = 6*x - 8. Calculate j(3).
10
Let h(l) = -l**3 - 4*l**2 + l + 1. What is h(-4)?
-3
Let a(r) = -2*r**3 - 4*r**2 - 4*r - 2. What is a(-2)?
6
Let n(c) = c**3 + c**2 - c + 4. Calculate n(3).
37
Let g(c) = -2*c**3 + 7*c**2 + 10*c - 30. What is g(4)?
-6
Let i(k) = -k + 13. What is i(7)?
6
Let y(w) = 2*w**2 - 67*w + 159. Calculate y(31).
4
Let i(q) = -9*q**3 - 2*q**2 + 1. Give i(1).
-10
Let r(t) = -2*t + 3. What is r(6)?
-9
Let x(w) = w - 3. Determine x(3).
0
Let r(q) = -q**3 - 8*q**2 - 3*q + 6. Calculate r(-7).
-22
Let n(w) = w - 7. Determine n(5).
-2
Let m(b) = b + 30. Calculate m(-16).
14
Let i(l) = 5*l - 14. What is i(3)?
1
Let j(r) = -r + 9. What is j(10)?
-1
Let m(i) = i**3 - 2*i**2 - 3*i - 5. Give m(-2).
-15
Let j(m) = -12*m + 2. What is j(3)?
-34
Let c(x) = x**2 - 13*x - 42. Calculate c(16).
6
Let s(v) = 3*v**2 + 2*v + 8. Determine s(-5).
73
Let x(i) = -2*i - 8. Calculate x(0).
-8
Let c(q) = -11*q - 43. Calculate c(-4).
1
Let v(g) = g + 2. Give v(-8).
-6
Let v(q) = 26*q**2 + 6*q - 5. Calculate v(1).
27
Let o(w) = -10*w - 289. Calculate o(-29).
1
Let b(u) = -u**3 - 9*u**2 - 16*u - 5. What is b(-6)?
-17
Let j(f) = -f**2 + 5*f - 18. Give j(-6).
-84
Let m(o) = o**3 - 12*o**2 + 6*o - 16. Determine m(12).
56
Let a(w) = 27*w + 9. Give a(-1).
-18
Let c(w) = -w + 10. Give c(7).
3
Let p(o) = 2*o**2 + 19*o + 25. Calculate p(-8).
1
Let r(a) = -a - 32. Give r(16).
-48
Let f(l) = -l**3 - l**2 - l. Give f(-3).
21
Let d(r) = -2*r. What is d(1)?
-2
Let n(z) = -35*z**2 - 2*z - 8. Calculate n(-2).
-144
Let k(i) = -6*i - 63. Give k(-10).
-3
Let j(h) = 16*h**3 + 3*h**2 + 2*h + 1. Give j(-2).
-119
Let u(b) = -b**3 - 14*b**2 + 16*b - 1. Give u(-15).
-16
Let m(u) = 6*u**3 - 3*u**2 + u + 1. Calculate m(2).
39
Let h(b) = 6*b**3 - 21*b**2 - 4*b + 5. Determine h(4).
37
Let d(u) = 142*u - 846. Determine d(6).
6
Let q(z) = z - 2. What is q(1)?
-1
Let u(t) = -2*t**2 + 4*t + 5. Calculate u(-1).
-1
Let y(a) = a**3 - 51. Determine y(0).
-51
Let l(j) = -j**2 + 7*j + 5. Calculate l(7).
5
Let a(b) = b - 19. What is a(-14)?
-33
Let n(r) = -2*r**2 - 6*r + 19. Calculate n(-8).
-61
Let w(f) = -f - 32. Calculate w(-15).
-17
Let u(b) = -4*b**2 - b + 4. Give u(-2).
-10
Let y(i) = 22*i - 4. Calculate y(0).
-4
Let z(j) = 3*j**2 - j. What is z(-1)?
4
Let i(a) = -2*a**2 + 12*a. Give i(6).
0
Let a(c) = -102*c + 7. What is a(0)?
7
Let y(o) = o**2 - o - 12. Determine y(5).
8
Let g(i) = -i**3 + i**2 + 29*i - 44. Determine g(5).
1
Let u(c) = c**3 + 10*c**2 + 14*c - 12. Determine u(-7).
37
Let r(n) = 6*n + 36. What is r(-8)?
-12
Let o(z) = 2*z**3 + 51*z**2 - 23*z + 88. Calculate o(-26).
10
Let c(s) = -14*s - 328. Determine c(-25).
22
Let t(v) = 2*v + 8. Calculate t(-9).
-10
Let n(c) = -3*c - 11. Calculate n(-9).
16
Let u(i) = -i**2 + 9*i - 16. Calculate u(10).
-26
Let j(t) = 39*t - 73. Calculate j(2).
5
Let v(g) = -g**3 - 13*g**2 - 6. Give v(-13).
-6
Let q(x) = 4*x**3 - 40*x**2. Give q(10).
0
Let g(i) = -9*i + 55. Calculate g(-6).
109
Let q(w) = -19*w**3 + 3*w**2 + w - 1. Determine q(-1).
20
Let x(z) = z**3 + 23*z**2 + 23*z + 24. Give x(-22).
2
Let z(u) = 2*u**2 + 76*u + 336. What is z(-33)?
6
Let c(y) = -y**2 - 7*y - 1. Calculate c(-5).
9
Let t(k) = -2*k - 2. Calculate t(2).
-6
Let j(i) = -4*i**2 + 49*i. Give j(12).
12
Let p(j) = -j**3 - 12*j**2 - 14. Give p(-12).
-14
Let f(p) = p**2 - p. Calculate f(3).
6
Let c(z) = 2*z**3 + 27*z**2 + 12*z - 4. Determine c(-13).
9
Let b(y) = 2*y**2 + 70*y - 3. Determine b(-35).
-3
Let v(j) = j**3 - 13*j**2 + 9. What is v(13)?
9
Let n(j) = -7*j**2 + 8*j - 16. Calculate n(4).
-96
Let i(h) = -h**3 - 5*h**2 - 1. Determine i(-4).
-17
Let b(i) = -i + 27. Determine b(-18).
45
Let t(j) = -2*j**3 - 4*j**2 - 5*j. Give t(-2).
10
Let z(u) = 8*u - 6. What is z(3)?
18
Let j(h) = 2*h**2 + h + 1. Give j(-1).
2
Let k(m) = -27*m - 14. Calculate k(-4).
94
Let h(d) = d**2 + d + 19. What is h(0)?
19
Let x(n) = -n**3 + 11*n**2 - 2*n + 10. Determine x(10).
90
Let y(w) = 49*w**3 + w**2 + w - 1. Give y(1).
50
Let u(z) = -2*z**2 - 3*z. What is u(0)?
0
Let i(a) = a**2 + 17*a - 22. Determine i(-18).
-4
Let j(f) = f**3 + f + 3. Give j(2).
13
Let k(n) = -n**3 + 10*n**2 - 4*n. Calculate k(8).
96
Let n(u) = -38*u + 51. What is n(3)?
-63
Let k(s) = -s + 12. Give k(31).
-19
Let q(x) = x**3 - 3*x**2 - 4*x - 1. What is q(4)?
-1
Let i(s) = 27*s - 153. Give i(6).
9
Let v(a) = -2*a**2 + 6*a + 2. Give v(-2).
-18
Let g(w) = 2*w**2 + 2*w + 12. What is g(0)?
12
Let s(z) = -5*z + 8. What is s(6)?
-22
Let k(c) = c**3 - 2*c**2 - 2*c - 14. Give k(5).
51
Let u(h) = -h**3 + 6*h**2 - 6*h + 2. Determine u(2).
6
Let g(p) = -p**2 + p. What is g(6)?
-30
Let t(y) = y**2 + 17*y - 114. Calculate t(5).
-4
Let y(w) = -12*w + 222. What is y(16)?
30
Let g(m) = -m**2 - 7*m - 2. What is g(-7)?
-2
Let k(w) = 5*w - 11. Determine k(10).
39
Let v(d) = 3*d**2 + d + 2. Give v(3).
32
Let z(x) = -x**2 - 4*x - 14. What is z(-2)?
-10
Let m(t) = t**3 + 7*t**2 - t - 7. Determine m(-6).
35
Let h(j) = -18*j + 130. What is h(6)?
22
Let b(w) = 5*w**2 - w - 4. Calculate b(2).
14
Let j(s) = 8*s. Determine j(1).
8
Let z(l) = -l**3 + 2*l**2 + 2*l. Determine z(3).
-3
Let w(h) = -h**2 - 2*h + 3. Determine w(0).
3
Let s(d) = 22*d**2 + d + 1. What is s(-1)?
22
Let m(q) = -q**3 + 12*q**2 - q + 7. Calculate m(12).
-5
Let d(n) = 3*n**2 + 20*n - 6. Give d(-9).
57
Let b(w) = w**3 + 7*w**2 - 6*w + 7. Determine b(-8).
-9
Let g(x) = 2*x + 48. Determine g(-21).
6
Let b(i) = -i**3 - 9*i**2 + i + 7. Give b(-8).
-65
Let y(m) = m**2 - 7*m - 37. Give y(10).
-7
Let p(s) = -s**3 + 30*s**2 + 4*s - 113. Give p(30).
7
Let z(j) = -j**3 + 4*j**2 + 6*j - 10. Calculate z(5).
-5
Let j(u) = -2*u**2 - 42*u - 4. Give j(-21).
-4
Let v(i) = -i**2 + 11*i - 24. Calculate v(7).
4
Let l(i) = -i**3 - 24*i**2 + 21*i - 87. What is l(-25)?
13
Let y(t) = -t - 23. Calculate y(-22).
-1
Let b(x) = -15*x. Give b(4).
-60
Let a(b) = b**3 - 7*b**2 - 3*b - 7. Give a(7).
-28
Let g(s) = -s**2 - 15*s - 6. What is g(-13)?
20
Let f(r) = -r**2 + 15*r + 4. Give f(15).
4
Let t(x) = x**3 + 7*x**2 + 12*x + 15. Give t(-3).
15
Let k(z) = z**3 + 10*z**2 + 3*z + 6. Determine k(-10).
-24
Let s(r) = r**2 + r - 235. Determine s(15).
5
Let k(h)